15
Let t = -3213 + 6227. Calculate the greatest common factor of t and 33.
11
Let v be 8/(-2) + 2 + 560. Suppose -186*t + 24811 = 21463. Calculate the greatest common factor of t and v.
18
Suppose 4*i - 1246*j + 1249*j - 6268 = 0, -6260 = -4*i - j. What is the greatest common factor of 1196 and i?
92
Let k be 90 + -2 + 2 + -8 + 6. Let v = -3 - -8. Suppose -5*g + 4*o + 32 = 0, -g + 2*o - 36 = -v*g. What is the highest common factor of g and k?
8
Suppose 14*v = 5*w + 12*v - 242, 4 = -4*v. Calculate the highest common factor of w and 168.
24
Let x(q) = 5*q**2 + 13*q + 1614. Let n be x(-33). Calculate the greatest common divisor of 40 and n.
10
Suppose -8*k = -6065 - 4623. Let s be k/6 + (-178)/267. Calculate the highest common divisor of 518 and s.
74
Let b = -9413 - -9532. Calculate the greatest common divisor of 3808 and b.
119
Let p(l) = -53*l**3 - 2*l + 1. Let t be p(1). Let i be 8/(-16)*(-6 - (0 - 4))*2. Let u = i - t. What is the highest common divisor of u and 7?
7
Let y = 13199 + -12863. What is the greatest common factor of 5166 and y?
42
Let c = -385 + 379. Let i be c/(-1)*(7/1 - 1). Let j(z) = -z**2 - 11*z + 4. Let d be j(-11). Calculate the highest common divisor of i and d.
4
Suppose 0 = -3*m + 10 - 28. Let l be 17 - (11/13 - m/39). Suppose 4*t + 3*o = 497, -t = 4*o - 26 - 82. Calculate the greatest common factor of t and l.
16
Suppose 0 = 22*y - 222 - 680 - 154. Calculate the highest common factor of 24 and y.
24
Let d(n) be the second derivative of 2*n**4/3 - 3*n**3/2 - 10*n**2 + 77*n - 2. Let r be d(-3). What is the greatest common divisor of 632 and r?
79
Let a = 110 + -83. Let l be (((-18)/a)/((-2)/60))/2. Suppose 14 = l*g - 8*g. What is the highest common factor of g and 35?
7
Suppose -3*n = 22 - 37. Let g(f) = -3*f + 13 + n*f + 27*f**2 - 10*f**2 - 19*f**2. Let h be g(0). What is the greatest common divisor of h and 13?
13
Let l(r) = -21*r - 364. Let a(g) = 32*g + 548. Let d(n) = 5*a(n) + 8*l(n). Let s be d(-31). Calculate the highest common divisor of s and 114.
38
Suppose -91493 = -315*l + 128*l - 20994. Calculate the greatest common divisor of l and 145.
29
Suppose 31*s - 36*s - 75 = 0. Let o be 6/s - (-2 - 408/20). Calculate the highest common factor of 2 and o.
2
Suppose -884 - 335 = -23*j. Let w be ((-371)/2)/(15/(-30)). What is the highest common factor of w and j?
53
Let y(b) be the first derivative of b**4/4 - 5*b**3 + 13*b**2/2 + 17*b - 84. Let a be y(14). Calculate the highest common factor of 198 and a.
3
Let f be (-80)/(-35) - (-8)/(-28). Calculate the highest common factor of f and 6.
2
Suppose 2*z = 4*c - 2060, -15*c + 11*c - 4*z = -2084. What is the greatest common factor of c and 893?
47
Suppose -23*b + 4788 + 55909 = 0. Suppose 2*x = -11*x + b. What is the highest common factor of 7 and x?
7
Let b(t) = -80*t - 586. Let f be b(-33). Calculate the highest common factor of 26 and f.
26
Let m(l) = -l**3 + 17*l**2 + 2*l + 153. Let i be m(13). What is the greatest common divisor of 38 and i?
19
Suppose 5*c - 40 = -o + 105, o - 118 = 4*c. Calculate the highest common divisor of o and 1326.
26
Suppose 0 = 3*t - 427 + 79. Suppose 0*i + i - 56 = -b, 2*i = -b + t. Suppose -2*f - 2*f + i = 0. Calculate the greatest common factor of 120 and f.
15
Suppose -3372724 = -73*k - 147365. Calculate the greatest common factor of k and 391.
391
Let s(f) = -f**3 - 13*f**2 - 19*f + 178. Let h be s(-9). What is the greatest common factor of 635 and h?
5
Suppose 4*w = -4*p + 32, p + 28 = 6*p - w. Suppose 3*h = -4*t + 1 + 5, -h - 4*t - p = 0. Suppose 4*m - 3*m = 24. What is the highest common divisor of h and m?
6
Let i(s) = -s**3 + 39*s**2 - 349*s + 364. Let u be i(26). Calculate the greatest common divisor of 5174 and u.
26
Let q(h) = -h**2 - 66*h - 1054. Let v be q(-33). Calculate the greatest common divisor of 1337 and v.
7
Suppose 4*j - 244 = 3*i, -4*i + 2*j - 170 = 172. Let k = -70 - i. Let n(d) = -d + 32. Let x be n(k). What is the greatest common factor of 154 and x?
14
Let n = -189 + 187. Let i be (-9 + 7)*((0 - n) + -6). What is the greatest common factor of 4 and i?
4
Suppose 57*l - 44 - 70 = 0. Suppose -l*j + 5*w = -8*j + 35, 3*j - w = 14. What is the greatest common factor of j and 245?
5
Suppose -18*k = -49*k + 248. What is the highest common factor of 77 and k?
1
Let f = -12682 - -14878. Calculate the highest common divisor of f and 96.
12
Let w(c) = 2*c**2 - 12*c - 315. Let u be w(-10). Calculate the greatest common factor of 2285 and u.
5
Suppose 0*i = -4*i - 12, -2*i = k - 10094. Suppose 13*s - k = 3*s. Calculate the greatest common factor of s and 10.
10
Suppose 220*r + 40*r - 224145 = 62895. Calculate the greatest common divisor of r and 432.
48
Suppose 19*p = 24*p - c - 27, -5*c = -2*p + 43. Calculate the highest common divisor of 3188 and p.
4
Let c(z) = -80*z - 1685. Let k be c(-34). Calculate the highest common factor of k and 575.
115
Suppose 4*c - 110 - 610 = 0. Suppose -7*q + 10*q = c. Let v be -1 + 1 + 2*10. What is the greatest common divisor of q and v?
20
Suppose -18*u = -20*u - 5*p + 2899, 0 = -4*u + 4*p + 5868. Calculate the greatest common divisor of 136 and u.
34
Let j = -10697 + 10711. Calculate the highest common divisor of j and 17619.
7
Suppose 0 = 4*k - 3*s - 741, 5*k - 7*k + s = -373. Suppose -26*a + 254 + 292 = 0. Calculate the highest common divisor of k and a.
21
Let p(k) = 16*k - 236. Let c be p(16). Suppose -4*j - 2*o + 13 + 45 = 0, -j = 4*o - 32. Calculate the greatest common divisor of j and c.
4
Let j(c) = 11*c. Let i be j(11). Suppose -3*n + 59 = -i. Suppose -4*b + 0*b + 96 = 0. What is the greatest common factor of n and b?
12
Let r(q) = 287*q**3 - 13*q**2 + 16*q - 37. Let y be r(4). Calculate the highest common factor of y and 13.
13
Suppose 3*w - 2*j = 1396, 4*w - 15*j + 4*j - 1878 = 0. Calculate the greatest common divisor of w and 3596.
116
Let j = -45 - -48. Suppose 0 = 18*p - 14*p + 20, -j*z + 64 = 4*p. Suppose 0 = 3*x - 11 - 4, y = -4*x + 90. What is the highest common factor of z and y?
14
Let c(b) be the second derivative of -b**3/6 + 19*b**2 - 2*b. Suppose -11*d = -2*d - 99. Let y be c(d). What is the highest common factor of 9 and y?
9
Let p be ((-70)/(-15))/(5/30). Calculate the greatest common divisor of p and 917.
7
Let n(w) = w**3 - 9*w**2 - 10*w + 16. Suppose 13 = -k - 7. Let j be -8*6/(96/k). Let c be n(j). Calculate the greatest common factor of c and 2.
2
Let x = 146 - 209. Let p = -49 - x. Suppose -16 = -p*s + 26. Calculate the highest common divisor of 39 and s.
3
Let m = 13423 + -13399. Calculate the greatest common divisor of m and 6444.
12
Let v be 36*(10 - 32/24). What is the greatest common divisor of v and 3408?
24
Let o be (1 - -11) + (44 - 638/22). Calculate the greatest common factor of o and 873.
9
Let l(j) = -1156*j + 2443. Let s be l(-11). What is the greatest common factor of 93 and s?
93
Let c = 1147753 - 1147673. Let m = -183 + 375. What is the greatest common divisor of c and m?
16
Let o = 41592 + -31320. Calculate the greatest common factor of 72 and o.
24
Let h be 20/(-18)*-3*18. Suppose 0 = -4*g - 16, 3*l - 3 = 8*l - 3*g. Let p be 14 + (3/l)/((-2)/2). What is the greatest common factor of p and h?
15
Let q = 262 + -262. Suppose 5*v = -5*t + 415, q = 4*v - 6 + 10. What is the highest common divisor of t and 28?
28
Let v be 70/2*(16 + -15). Suppose -203*h = -718 - 8417. Calculate the greatest common factor of v and h.
5
Suppose -y - 70 = -3*z + 20, 0 = -2*y + 3*z - 195. Let r be (-8)/14 + 5/(y/(-2406)). Suppose 0*m + r = 2*m. What is the highest common factor of 19 and m?
19
Let z be 4/(-10)*20 + 47 + -4. Calculate the highest common factor of z and 448.
7
Suppose -103 = 16*n - 679. Let s be 50/6*n/30. Calculate the greatest common factor of 70 and s.
10
Let z(j) = 2*j**3 - 5*j**2 - 7*j + 14. Suppose -21 = -17*h + 47. Let x be z(h). What is the highest common divisor of 102 and x?
34
Suppose 2*x + 1202 = w, -x = -11*w + 8*w + 3601. Calculate the greatest common divisor of w and 2900.
100
Let n be (-1)/7*2*7 + (-1 - -1315). Calculate the greatest common factor of n and 410.
82
Suppose 85*k - 22278 + 4282 = 1894. Calculate the greatest common factor of k and 1222.
26
Let u be (-686)/98*75/(-35). Suppose 0 = 5*f - v - 16 - 12, f = 3*v. What is the 